24. What is m(-1)?
32
Let u(v) = v**2 + 6*v - 5. Calculate u(1).
2
Let y(o) = o**3 - 6*o**2 + 7*o - 96. Determine y(7).
2
Let n(a) = -35*a - 176. Calculate n(-5).
-1
Let t(m) = m**3 - 4*m**2 + 2*m - 13. What is t(4)?
-5
Let y(z) = 5*z - 30. Determine y(5).
-5
Let n(j) = j**3 + 9*j**2 + 13*j - 1. Calculate n(-7).
6
Let a(w) = -2*w + 1. Determine a(-9).
19
Let u(t) = t**2 + 7*t + 7. Determine u(-2).
-3
Let b(j) = j**2 + 9*j + 15. Calculate b(-7).
1
Let o(r) = -17*r + 254. What is o(16)?
-18
Let p(g) = g**3 + 11*g**2 - 4*g + 5. Give p(-11).
49
Let w(y) = -y**2 - 26*y - 62. Calculate w(-20).
58
Let s(f) = -f + 14. Give s(19).
-5
Let c(h) = 7*h - 10. Give c(-5).
-45
Let u(v) = v + 4. Calculate u(2).
6
Let l(i) = 10*i - 3. Give l(2).
17
Let n(p) = 2*p**2 - 38*p + 7. Give n(19).
7
Let d(m) = m**2 - 6*m + 55. Give d(8).
71
Let d(w) = -w**2 + 10*w - 7. Give d(8).
9
Let v(l) = -l - 3. Calculate v(4).
-7
Let g(v) = -9*v**2 + 3*v + 2. Calculate g(3).
-70
Let d(r) = -r**3 - 23*r**2 + 26*r + 59. Give d(-24).
11
Let b(f) = -f**3 - 24*f**2 - 3*f - 51. Give b(-24).
21
Let o(p) = p**3 - 14*p**2 + p - 14. Give o(14).
0
Let b(g) = 2*g + 4. What is b(-3)?
-2
Let y(n) = n**2 - n - 11. Calculate y(0).
-11
Let t(s) = s**3 + 24*s**2 + 23*s + 1. Determine t(-23).
1
Let a(m) = m**3 - 4*m**2 - 3*m + 1. What is a(4)?
-11
Let u(y) = -11*y - 7. What is u(-5)?
48
Let z(x) = 23*x + 2. Give z(-1).
-21
Let i(u) = u**3 + 4*u**2 - 18*u + 1. Determine i(-7).
-20
Let n(g) = 35*g + 453. Determine n(-13).
-2
Let k(n) = -n**2 + 6*n - 10. Give k(7).
-17
Let i(n) = -9*n**2 - 5*n. Calculate i(-4).
-124
Let b(c) = -c**3 + c**2 - 5. What is b(3)?
-23
Let z(o) = -o - 5. Calculate z(5).
-10
Let n(i) = -i**3 - 23*i**2 + 24*i + 1. What is n(-24)?
1
Let b(a) = -3*a**2 + 22*a - 3. Determine b(9).
-48
Let z(y) = 4*y**3 + y**2 + 3*y + 2. Determine z(-1).
-4
Let y(j) = 5*j + 104. Give y(-7).
69
Let p(v) = 4*v**3 + v**2 + v + 7. Determine p(-3).
-95
Let j(w) = -2*w**2 + 28*w + 30. Determine j(14).
30
Let m(a) = -a**3 + 4*a**2 - 3*a - 4. What is m(3)?
-4
Let k(y) = -2*y + 30. Determine k(0).
30
Let j(u) = 2*u**3 - 2*u**2 - 2*u. What is j(-2)?
-20
Let c(z) = 10*z + 15. Determine c(-2).
-5
Let r(u) = -15*u. Give r(-1).
15
Let l(k) = 6*k**2 - k. What is l(-1)?
7
Let t(s) = -s**2 - 14*s - 48. What is t(-10)?
-8
Let n(h) = -h - 34. What is n(-21)?
-13
Let z(c) = 2*c**2 - 11*c - 37. Determine z(8).
3
Let i(y) = -y**3 - 7*y**2 - 2*y + 4. Determine i(-5).
-36
Let b(m) = -m**3 - 35*m**2 - 70*m - 8. Give b(-2).
0
Let f(j) = 32*j - 635. Determine f(20).
5
Let g(l) = -l - 14. Calculate g(-6).
-8
Let n(f) = 84*f - 253. Calculate n(3).
-1
Let p(m) = -m**2 - 6*m + 9. What is p(-8)?
-7
Let j(n) = -349*n + 1751. Give j(5).
6
Let u(p) = -p**3 - 21*p**2 - 2*p - 42. What is u(-21)?
0
Let p(g) = 2*g**2 - 67*g - 35. Determine p(34).
-1
Let v(a) = -a**3 + 8*a**2 - a + 7. What is v(8)?
-1
Let g(o) = -4*o**3 + 11*o**2 + 3*o. What is g(3)?
0
Let x(v) = 2*v**2 - 42*v + 108. Give x(18).
0
Let l(j) = j**3 + 12*j**2 + 18*j - 12. Calculate l(-10).
8
Let s(k) = k**2 - 6*k + 7. Give s(7).
14
Let p(t) = 16*t**3 + 2*t**2 + 3*t + 1. Determine p(-1).
-16
Let d(w) = w**2 + 12*w + 38. What is d(-5)?
3
Let m(v) = 6*v - 13. Determine m(6).
23
Let h(u) = u**2 + 26*u - 30. Calculate h(-27).
-3
Let p(f) = -f**2 + 3*f + 2. Give p(-3).
-16
Let a(v) = -46*v - 2. Give a(1).
-48
Let p(a) = a**3 - 4*a**2 - a - 4. Give p(4).
-8
Let u(c) = -7*c - 6. What is u(-5)?
29
Let s(r) = -14*r**3 + 2*r**2 - 5*r + 3. Give s(2).
-111
Let u(d) = -3*d. Determine u(0).
0
Let z(i) = -i**3 + 5*i**2 + 4*i + 10. Calculate z(6).
-2
Let f(o) = 2*o**2 - 12*o - 50. Give f(9).
4
Let g(i) = 10*i - 10. What is g(-7)?
-80
Let h(m) = 4*m**2 - 179*m - 42. Calculate h(45).
3
Let t(a) = -a + 7. What is t(17)?
-10
Let w(d) = d**3 - 3*d**2 - 22*d + 22. What is w(6)?
-2
Let t(c) = c - 7. Give t(6).
-1
Let j(i) = -i**3 + 4*i**2 + 6*i. Calculate j(5).
5
Let y(z) = -z**3 - 20*z**2 - 92*z + 6. Determine y(-7).
13
Let c(h) = -h**3 - 5*h**2 - 8*h + 1. Determine c(-2).
5
Let x(j) = -j**2 - 7*j + 10. Give x(-7).
10
Let i(w) = -w**3 + 23*w**2 + 22*w + 52. Calculate i(24).
4
Let g(q) = -10*q - 21. Calculate g(-9).
69
Let s(x) = 2*x - 46. Give s(18).
-10
Let r(w) = w**2 + 6*w - 24. Calculate r(-8).
-8
Let h(v) = v**2 - 44*v - 54. Determine h(45).
-9
Let k(d) = d**2 + 13*d - 40. What is k(-16)?
8
Let u(i) = 2*i**3 + 13*i**2 - 7*i + 1. Give u(-7).
1
Let j(k) = 33*k**2 - 2*k - 1. Calculate j(-1).
34
Let h(u) = -u**3 - 13*u**2 - 15*u - 18. What is h(-12)?
18
Let o(b) = -8*b - 13. What is o(-2)?
3
Let i(n) = 3*n**2 + 17*n - 10. What is i(-8)?
46
Let j(q) = -q**3 - 10*q**2 - 8*q + 3. Give j(-7).
-88
Let b(l) = -l**2 - 4*l + 4. Determine b(-8).
-28
Let c(r) = -r**2 + 3*r - 6. Calculate c(3).
-6
Let l(p) = -p**3 + 2*p**2 + p + 7. Calculate l(3).
1
Let c(v) = 4*v - 57. Determine c(14).
-1
Let a(c) = c + 4. Determine a(-1).
3
Let x(z) = -z**3 + 3*z**2 + 2*z + 7. Calculate x(4).
-1
Let x(v) = -25*v - 32. What is x(-6)?
118
Let l(m) = -15*m + 7. Calculate l(2).
-23
Let d(g) = -g**3 + 31*g**2 + 141*g - 7. What is d(35)?
28
Let u(m) = m**2 - 17*m + 23. What is u(13)?
-29
Let j(q) = -q**2 + 11*q + 49. Determine j(15).
-11
Let s(b) = -b**3 - 5*b**2 - 3*b + 5. Calculate s(-4).
1
Let i(h) = -4*h - 10. Give i(-3).
2
Let l(x) = -x - 21. Determine l(-10).
-11
Let l(t) = t**3 - 10*t**2 - 12*t + 4. What is l(11)?
-7
Let y(r) = 12*r + 40. Give y(-2).
16
Let y(v) = -2*v**3 - 6*v**2 + 4. Calculate y(-4).
36
Let s(p) = p**2 - 44. Give s(6).
-8
Let t(s) = 4*s**2 + 2*s. Determine t(-2).
12
Let k(p) = p**2 + 7*p - 7. Calculate k(-9).
11
Let o(p) = -p**2 + 6*p - 5. Determine o(6).
-5
Let o(s) = -s - 15. Determine o(4).
-19
Let s(z) = -z + 5. Calculate s(6).
-1
Let o(x) = x**3 - 9*x**2 + 7*x - 8. What is o(7)?
-57
Let j(l) = -l**2 - 6*l + 225. Give j(12).
9
Let f(n) = 14*n. What is f(-3)?
-42
Let m(f) = -f**2 + 3*f + 10. Determine m(8).
-30
Let d(p) = 6*p**2 + 5. What is d(-2)?
29
Let k(t) = 18*t - 31. Determine k(4).
41
Let p(s) = 11*s + 79. What is p(-8)?
-9
Let a(b) = -6*b + 12. Give a(4).
-12
Let h(i) = 32*i**3 - i**2. Determine h(1).
31
Let c(g) = 2*g. Calculate c(6).
12
Let y(f) = -f**3 + 4*f**2 + 4*f + 2. Give y(4).
18
Let u(r) = -15*r - 115. Give u(-8).
5
Let a(z) = z**2 - 13*z + 7. Calculate a(4).
-29
Let h(w) = w**2 + 14*w + 14. Determine h(-11).
-19
Let p(h) = h**2 - 4*h + 5. Determine p(2).
1
Let h(r) = 25*r**2 + 4*r - 1. Give h(1).
28
Let r(l) = -l**2 - 21. Give r(0).
-21
Let l(v) = -v**3 + 4*v**2 + 18*v - 12. Calculate l(6).
24
Let j(s) = 87*s + 7. What is j(-1)?
-80
Let q(h) = -h**3 + 9*h**2 - h - 8. Determine q(6).
94
Let j(f) = 133*f - 795. Calculate j(6).
3
Let d(c) = 4*c + 30. Give d(-9).
-6
Let z(f) = f**3 - 12*f**2 - 2*f - 17. Calculate z(12).
-41
Let h(i) = -i**2 + 9*i - 4. Determine h(5).
16
Let o(w) = -11*w - 24. What is o(-2)?
-2
Let g(j) = j + 12. Determine g(-8).
4
Let j(r) = r**2 + 2*r - 1. Give j(-2).
-1
Let g(v) = -10*v + 11. Calculate g(6).
-49
Let o(j) = -j**3 - 10*j**2 - 10*j - 10. What is o(-9)?
-1
Let t(g) = 4*g**3 + 24*g**2 + 3*g + 15. Determine t(-6).
-3
Let u(r) = 12*r + 1. Determine u(5).
61
Let h(n) = 7*n**2 - 6*n + 4. Give h(2).
20
Let a(z) = z**3 + 14*z + 59. What is a(-3)?
-10
Let n(w) = -w**2 + 6*w + 8. Calculate n(8).
-8
Let i(h) = -2*h**3 + 26*h**2 + 4*h - 51. Give i(13).
1
Let h(z) = -z**2 - 37*z - 108. Give h(-34).
-6
Let u(i) = i**3 + 6*i**2 + i - 2. Determine u(-4).
26
Let s(y) = -2*y**2 - 1. What is s(-2)?
-9
Let u(q) = -q**2 + 28*q + 11. What is u(29)?
-18
Let u(t) = t**3 - 7*t**2 + 4*t - 1. Give u(6).
-13
Let z(o) = 2*o**2 - 12*o + 12. Determine z(8).
44
Let l(g) = -g**3 - 17*g**2 - 28*g + 22. What is l(-15)?
-8
Let i(l) = 3*l - 31. Calculate i(20).
29
Let w(c) = 7*c + 39. What is w(-12)?
-45
Let k(s) = 6*s + 173. Calculate k(-29).
-1
Let y(d) = -d**2 + 5*d + 9. Calculate y(6).
3
Let s(y) = y**2 + 8*y + 5. What is s(-7)?
-2
Let h(j) = -j**3 + 11*j**2 + 10*j - 13. Give h(12).
-37
Let s(w) = -w + 33. What is s(7)?
26
Let i(a) = -9*a + 62. Give i(6).
8
Let q(r) = r**3 + 22*r**2 + 4*r - 32. Determine q(-22).
-120
Let o(r) = -r**2 + r - 35. Give o(0).
-35
Let f(d) = 67*d - 1. What is f(1)?
66
Let m(z) = 8*z - 7. Determine m(-6).
-55
Let j(w) = -w**3 - 9*w**2 - 5*w + 28. Give